210295932?
1
What is the ten thousands digit of 106394484?
9
What is the ten millions digit of 23051403?
2
What is the thousands digit of 4003048513?
8
What is the ten millions digit of 68966293?
6
What is the hundred millions digit of 6018610295?
0
What is the ten millions digit of 221491917?
2
What is the millions digit of 446244977?
6
What is the hundreds digit of 40642680?
6
What is the units digit of 571440491?
1
What is the tens digit of 15793708?
0
What is the units digit of 98340924?
4
What is the billions digit of 5627822679?
5
What is the ten thousands digit of 417527532?
2
What is the ten millions digit of 347101256?
4
What is the ten thousands digit of 57921071?
2
What is the hundred millions digit of 110647880?
1
What is the hundred thousands digit of 54564262?
5
What is the tens digit of 56512220?
2
What is the ten millions digit of 22806452?
2
What is the ten thousands digit of 16955570?
5
What is the hundred thousands digit of 1450880218?
8
What is the tens digit of 63822443?
4
What is the ten thousands digit of 452514081?
1
What is the hundreds digit of 139581495?
4
What is the thousands digit of 40344947?
4
What is the units digit of 32581969?
9
What is the hundred millions digit of 387940544?
3
What is the ten thousands digit of 67126534?
2
What is the ten millions digit of 40581351?
4
What is the hundreds digit of 634389232?
2
What is the units digit of 330307087?
7
What is the thousands digit of 678914780?
4
What is the ten millions digit of 358950935?
5
What is the hundred millions digit of 111985851?
1
What is the units digit of 222906547?
7
What is the ten millions digit of 109167359?
0
What is the millions digit of 36560281?
6
What is the units digit of 64153000?
0
What is the ten thousands digit of 850405783?
0
What is the tens digit of 111732240?
4
What is the ten thousands digit of 53872262?
7
What is the thousands digit of 51455550?
5
What is the ten millions digit of 55692152?
5
What is the ten millions digit of 3301433645?
0
What is the thousands digit of 48575856?
5
What is the ten millions digit of 81888174?
8
What is the ten millions digit of 1115994858?
1
What is the tens digit of 3114363012?
1
What is the thousands digit of 23181919?
1
What is the hundred thousands digit of 1871118401?
1
What is the hundred millions digit of 2200143613?
2
What is the units digit of 443593340?
0
What is the units digit of 170755990?
0
What is the ten thousands digit of 20227468?
2
What is the hundred thousands digit of 97864621?
8
What is the ten millions digit of 43093875?
4
What is the ten millions digit of 43832559?
4
What is the hundred millions digit of 158599823?
1
What is the ten millions digit of 41501959?
4
What is the units digit of 16912171?
1
What is the ten millions digit of 1956633022?
5
What is the ten millions digit of 117085565?
1
What is the thousands digit of 69203196?
3
What is the units digit of 35241119?
9
What is the hundred thousands digit of 1801133341?
1
What is the units digit of 40015291?
1
What is the units digit of 138004947?
7
What is the hundreds digit of 163909520?
5
What is the ten millions digit of 559747747?
5
What is the ten thousands digit of 446494?
4
What is the billions digit of 4474357129?
4
What is the ten thousands digit of 123489294?
8
What is the hundreds digit of 38946734?
7
What is the hundred thousands digit of 2022494072?
4
What is the ten millions digit of 50647629?
5
What is the tens digit of 1520647333?
3
What is the ten millions digit of 2656056565?
5
What is the thousands digit of 6332250380?
0
What is the hundreds digit of 887968106?
1
What is the hundreds digit of 654907906?
9
What is the hundred thousands digit of 1131196816?
1
What is the ten thousands digit of 205600755?
0
What is the units digit of 20722545?
5
What is the ten thousands digit of 893412685?
1
What is the units digit of 1660638787?
7
What is the millions digit of 1957042249?
7
What is the hundred thousands digit of 43553559?
5
What is the tens digit of 3394806865?
6
What is the hundreds digit of 282186960?
9
What is the hundreds digit of 12302235?
2
What is the ten millions digit of 46545688?
4
What is the ten thousands digit of 521358471?
5
What is the hundred thousands digit of 1837598990?
5
What is the ten thousands digit of 835483929?
8
What is the hundreds digit of 2511976126?
1
What is the thousands digit of 5775391819?
1
What is the billions digit of 1457119677?
1
What is the ten thousands digit of 7919938419?
3
What is the ten millions digit of 1760103084?
6
What is the hundred thousands digit of 503077075?
0
What is the tens digit of 17191219?
1
What is the hundred thousands digit of 59200351?
2
What is the ten millions digit of 43102640?
4
What is the thousands digit of 572176099?
6
What is the hundred thousands digit of 2690055632?
0
What is the ten millions digit of 87031588?
8
What is the tens digit of 73787434?
3
What is the hundred thousands digit of 508974196?
9
What is the units digit of 1958202?
2
What is the millions digit of 226461343?
6
What is the ten thousands digit of 1072220991?
2
What is the ten millions digit of 2451597483?
5
What is the ten thousands digit of 8381721143?
2
What is the units digit of 120326185?
5
What is the hundred thousands digit of 126897365?
8
What is the hundreds digit of 181434366?
3
What is the units digit of 58505701?
1
What is the units digit of 1663487009?
9
What is the ten millions digit of 107259711?
0
What is the hundred thousands digit of 117559224?
5
What is the hundreds digit of 3369972528?
5
What is the thousands digit of 1200298959?
8
What is the units digit of 162382473?
3
What is the units digit of 114200053?
3
What is the hundred millions digit of 346319544?
3
What is the units digit of 182622791?
1
What is the ten thousands digit of 1191193689?
9
What is the ten thousands digit of 57184967?
8
What is the hundred millions digit of 695507270?
6
What is the thousands digit of 1104896657?
6
What is the thousands digit of 15935914?
5
What is the units digit of 1989225926?
6
What is the hundreds digit of 45489428?
4
What is the units digit of 92688050?
0
What is the hundreds digit of 112697644?
6
What is the ten thousands digit of 7170335?
7
What is the ten thousands digit of 427135435?
3
What is the ten thousands digit of 5519955622?
5
What is the billions digit of 8402441038?
8
What is the thousands digit of 6660321913?
1
What is the hundreds digit of 705523577?
5
What is the units digit of 52275615?
5
What is the tens digit of 1272718464?
6
What is the hundred millions digit of 670146329?
6
What is the hundred thousands digit of 1925168915?
1
What is the hundred thousands digit of 310288910?
2
What is the hundred thousands digit of 108722599?
7
What is the units digit of 428302695?
5
What is the ten thousands digit of 469261748?
6
What is the tens digit of 4099571733?
3
What is the units digit of 2696663078?
8
What is the ten thousands digit of 42217678?
1
What is the tens digit of 205917782?
8
What is the tens digit of 120239324?
2
What is the ten thousands digit of 179632144?
3
What is the hundred thousands digit of 176045860?
0
What is the ten thousands digit of 1173902745?
0
What is the ten thousands digit of 1231498987?
9
What is the tens digit of 59928794?
9
What is the hundred thousands digit of 51753722?
7
What is the tens digit of 4453537?
3
What is the tens digit of 21766973?
7
What is the millions digit of 1289799451?
9
What is the hundred millions digit of 948788888?
9
What is the tens digit of 866486392?
9
What is the thousands digit of 38280834?
0
What is the hundreds digit of 140610531?
5
What is the tens digit of 297795968?
6
What is the ten thousands digit of 111884242?
8
What is the tens digit of 3554744828?
2
What is the hundred millions digit of 1509313066?
5
What is the thousands digit of 2461864350?
4
What is the hundreds digit of 750415286?
2
What is the ten thousands digit of 1590647504?
4
What is the hundreds digit of 868505122?
1
What is the ten millions digit of 3676862401?
7
What is the ten thousands digit of 6065899?
6
What is the ten millions digit of 516336603?
1
What is the ten thousands digit of 33980365?
8
What is the thousands digit of 541876310?
6
What is the ten thousands digit of 135183843?
8
What 